Last updated on 2020-12-31 00:46:42 CET.
Flavor | Version | Tinstall | Tcheck | Ttotal | Status | Flags |
---|---|---|---|---|---|---|
r-devel-linux-x86_64-debian-clang | 0.5-0.1 | 6.50 | 24.65 | 31.15 | OK | |
r-devel-linux-x86_64-debian-gcc | 0.5-0.1 | 3.90 | 19.10 | 23.00 | OK | |
r-devel-linux-x86_64-fedora-clang | 0.5-0.1 | 46.59 | NOTE | |||
r-devel-linux-x86_64-fedora-gcc | 0.5-0.1 | 36.58 | NOTE | |||
r-devel-windows-ix86+x86_64 | 0.5-0.1 | 21.00 | 45.00 | 66.00 | OK | |
r-patched-linux-x86_64 | 0.5-0.1 | 4.93 | 23.45 | 28.38 | OK | |
r-patched-solaris-x86 | 0.5-0.1 | 53.20 | OK | |||
r-release-linux-x86_64 | 0.5-0.1 | 4.74 | 23.74 | 28.48 | OK | |
r-release-macos-x86_64 | 0.5-0.1 | OK | ||||
r-release-windows-ix86+x86_64 | 0.5-0.1 | 19.00 | 38.00 | 57.00 | OK | |
r-oldrel-macos-x86_64 | 0.5-0.1 | OK | ||||
r-oldrel-windows-ix86+x86_64 | 0.5-0.1 | 18.00 | 36.00 | 54.00 | OK |
Version: 0.5-0.1
Check: compiled code
Result: NOTE
File ‘emoa/libs/emoa.so’:
Found no calls to: ‘R_registerRoutines’, ‘R_useDynamicSymbols’
It is good practice to register native routines and to disable symbol
search.
See ‘Writing portable packages’ in the ‘Writing R Extensions’ manual.
Flavors: r-devel-linux-x86_64-fedora-clang, r-devel-linux-x86_64-fedora-gcc