CRAN Package Check Results for Package emIRT

Last updated on 2020-12-31 00:46:42 CET.

Flavor Version Tinstall Tcheck Ttotal Status Flags
r-devel-linux-x86_64-debian-clang 0.0.11 1107.96 45.51 1153.47 OK
r-devel-linux-x86_64-debian-gcc 0.0.11 684.48 34.95 719.43 OK
r-devel-linux-x86_64-fedora-clang 0.0.11 1704.02 NOTE
r-devel-linux-x86_64-fedora-gcc 0.0.11 1421.80 OK
r-devel-windows-ix86+x86_64 0.0.11 2537.00 113.00 2650.00 NOTE
r-patched-linux-x86_64 0.0.11 817.90 42.22 860.12 OK
r-patched-solaris-x86 0.0.11 1110.90 OK
r-release-linux-x86_64 0.0.11 820.55 42.03 862.58 OK
r-release-macos-x86_64 0.0.11 NOTE
r-release-windows-ix86+x86_64 0.0.11 2502.00 114.00 2616.00 NOTE
r-oldrel-macos-x86_64 0.0.11 NOTE
r-oldrel-windows-ix86+x86_64 0.0.11 1612.00 85.00 1697.00 NOTE

Check Details

Version: 0.0.11
Check: installed package size
Result: NOTE
     installed size is 21.2Mb
     sub-directories of 1Mb or more:
     data 2.0Mb
     libs 18.9Mb
Flavors: r-devel-linux-x86_64-fedora-clang, r-devel-windows-ix86+x86_64, r-release-macos-x86_64, r-release-windows-ix86+x86_64, r-oldrel-macos-x86_64, r-oldrel-windows-ix86+x86_64

Version: 0.0.11
Check: Rd cross-references
Result: NOTE
    Undeclared package ‘MCMCpack’ in Rd xrefs
Flavor: r-devel-linux-x86_64-fedora-clang