CRAN Package Check Results for Package econet

Last updated on 2020-12-31 00:46:41 CET.

Flavor Version Tinstall Tcheck Ttotal Status Flags
r-devel-linux-x86_64-debian-clang 0.1.92 13.95 138.03 151.98 OK
r-devel-linux-x86_64-debian-gcc 0.1.92 13.38 101.62 115.00 OK
r-devel-linux-x86_64-fedora-clang 0.1.92 191.69 OK
r-devel-linux-x86_64-fedora-gcc 0.1.92 182.11 OK
r-devel-windows-ix86+x86_64 0.1.92 32.00 149.00 181.00 OK
r-patched-linux-x86_64 0.1.92 15.01 125.72 140.73 OK
r-patched-solaris-x86 0.1.92 247.00 OK
r-release-linux-x86_64 0.1.92 13.89 116.19 130.08 WARN
r-release-macos-x86_64 0.1.92 OK
r-release-windows-ix86+x86_64 0.1.92 36.00 116.00 152.00 OK
r-oldrel-macos-x86_64 0.1.92 OK
r-oldrel-windows-ix86+x86_64 0.1.92 22.00 109.00 131.00 OK

Check Details

Version: 0.1.92
Check: re-building of vignette outputs
Result: WARN
    Error(s) in re-building vignettes:
     ...
    --- re-building ‘econet.tex’ using tex
    Error: processing vignette 'econet.tex' failed with diagnostics:
    Running ‘texi2dvi’ on ‘econet.tex’ failed.
    LaTeX errors:
    ! Undefined control sequence.
    <recently read> \Hy@colorlink
    
    l.68 \begin{document}
    
    ! Undefined control sequence.
    \close@pdflink ->\Hy@endcolorlink
     \Hy@VerboseLinkStop \pdfendlink
    l.68 \begin{document}
    
    ! Undefined control sequence.
    <recently read> \Hy@colorlink
    
    l.68 \begin{document}
    
    ! Undefined control sequence.
    \close@pdflink ->\Hy@endcolorlink
     \Hy@VerboseLinkStop \pdfendlink
    l.68 \begin{document}
    
    ! Undefined control sequence.
    <recently read> \Hy@colorlink
    
    l.68 \begin{document}
    
    ! Undefined control sequence.
    \close@pdflink ->\Hy@endcolorlink
     \Hy@VerboseLinkStop \pdfendlink
    l.68 \begin{document}
    
    ! Undefined control sequence.
    <recently read> \Hy@colorlink
    
    l.68 \begin{document}
    
    ! Undefined control sequence.
    \close@pdflink ->\Hy@endcolorlink
     \Hy@VerboseLinkStop \pdfendlink
    l.68 \begin{document}
    
    --- failed re-building ‘econet.tex’
    
    SUMMARY: processing the following file failed:
     ‘econet.tex’
    
    Error: Vignette re-building failed.
    Execution halted
Flavor: r-release-linux-x86_64