CRAN Package Check Results for Package eDMA

Last updated on 2020-12-31 00:46:42 CET.

Flavor Version Tinstall Tcheck Ttotal Status Flags
r-devel-linux-x86_64-debian-clang 1.5-3 123.64 35.06 158.70 OK
r-devel-linux-x86_64-debian-gcc 1.5-3 83.36 27.26 110.62 OK
r-devel-linux-x86_64-fedora-clang 1.5-3 233.28 NOTE
r-devel-linux-x86_64-fedora-gcc 1.5-3 204.35 OK
r-devel-windows-ix86+x86_64 1.5-3 278.00 85.00 363.00 OK
r-patched-linux-x86_64 1.5-3 98.49 33.26 131.75 OK
r-patched-solaris-x86 1.5-3 201.20 ERROR
r-release-linux-x86_64 1.5-3 91.69 33.51 125.20 OK
r-release-macos-x86_64 1.5-3 OK
r-release-windows-ix86+x86_64 1.5-3 278.00 80.00 358.00 OK
r-oldrel-macos-x86_64 1.5-3 OK
r-oldrel-windows-ix86+x86_64 1.5-3 171.00 56.00 227.00 OK

Check Details

Version: 1.5-3
Check: installed package size
Result: NOTE
     installed size is 6.4Mb
     sub-directories of 1Mb or more:
     libs 6.1Mb
Flavor: r-devel-linux-x86_64-fedora-clang

Version: 1.5-3
Check: examples
Result: ERROR
    Running examples in ‘eDMA-Ex.R’ failed
    The error most likely occurred in:
    
    > ### Name: BacktestDMA
    > ### Title: Backtest measures for Dynamic Model Averaging and comparison
    > ### with Dynamic Model Selection
    > ### Aliases: BacktestDMA
    >
    > ### ** Examples
    >
    >
    > library(eDMA)
    >
    > ## load data
    > data("USData")
    >
    > ## do DMA, keep the first three predictors fixed and the intercept
    > Fit <- DMA(GDPDEF ~ Lag(GDPDEF, 1) + Lag(GDPDEF, 2) + Lag(GDPDEF, 3) +
    + Lag(ROUTP, 1) + Lag(UNEMP, 1), data = USData, vDelta = c(0.9, 0.95, 0.99),
    + vKeep = c(1, 2, 3))
    
    error: sort(): detected NaN
    Error in funcEstimate_Eff_par(vY, mF, vDelta, dAlpha, vKeep, dBeta, bZellnerPrior, :
     sort(): detected NaN
    Calls: DMA -> funcEstimate_Eff_par
    Execution halted
Flavor: r-patched-solaris-x86