CRAN Package Check Results for Package doSNOW

Last updated on 2020-12-31 00:46:41 CET.

Flavor Version Tinstall Tcheck Ttotal Status Flags
r-devel-linux-x86_64-debian-clang 1.0.19 2.34 24.42 26.76 NOTE
r-devel-linux-x86_64-debian-gcc 1.0.19 1.78 19.06 20.84 NOTE
r-devel-linux-x86_64-fedora-clang 1.0.19 42.00 OK
r-devel-linux-x86_64-fedora-gcc 1.0.19 31.14 OK
r-devel-windows-ix86+x86_64 1.0.19 5.00 41.00 46.00 OK
r-patched-linux-x86_64 1.0.19 2.21 23.43 25.64 NOTE
r-patched-solaris-x86 1.0.19 49.40 OK
r-release-linux-x86_64 1.0.19 2.46 23.59 26.05 NOTE
r-release-macos-x86_64 1.0.19 OK
r-release-windows-ix86+x86_64 1.0.19 6.00 31.00 37.00 OK
r-oldrel-macos-x86_64 1.0.19 OK
r-oldrel-windows-ix86+x86_64 1.0.19 4.00 29.00 33.00 OK

Check Details

Version: 1.0.19
Check: R code for possible problems
Result: NOTE
    Found the following calls to attach():
    File 'doSNOW/R/doSNOW.R':
     attach(exportEnv)
    See section 'Good practice' in '?attach'.
Flavors: r-devel-linux-x86_64-debian-clang, r-devel-linux-x86_64-debian-gcc, r-patched-linux-x86_64, r-release-linux-x86_64