Last updated on 2020-12-31 00:46:41 CET.
Flavor | Version | Tinstall | Tcheck | Ttotal | Status | Flags |
---|---|---|---|---|---|---|
r-devel-linux-x86_64-debian-clang | 1.8.2 | 2.40 | 78.93 | 81.33 | OK | |
r-devel-linux-x86_64-debian-gcc | 1.8.2 | 1.86 | 62.15 | 64.01 | OK | |
r-devel-linux-x86_64-fedora-clang | 1.8.2 | 109.23 | NOTE | |||
r-devel-linux-x86_64-fedora-gcc | 1.8.2 | 97.96 | OK | |||
r-devel-windows-ix86+x86_64 | 1.8.2 | 6.00 | 89.00 | 95.00 | OK | |
r-patched-linux-x86_64 | 1.8.2 | 2.33 | 76.98 | 79.31 | OK | |
r-patched-solaris-x86 | 1.8.2 | 154.70 | NOTE | |||
r-release-linux-x86_64 | 1.8.2 | 2.36 | 77.37 | 79.73 | OK | |
r-release-macos-x86_64 | 1.8.2 | NOTE | ||||
r-release-windows-ix86+x86_64 | 1.8.2 | 6.00 | 74.00 | 80.00 | OK | |
r-oldrel-macos-x86_64 | 1.8.2 | NOTE | ||||
r-oldrel-windows-ix86+x86_64 | 1.8.2 | 3.00 | 74.00 | 77.00 | OK |
Version: 1.8.2
Check: package dependencies
Result: NOTE
Suggests orphaned package: ‘bibtex’
Flavor: r-devel-linux-x86_64-fedora-clang
Version: 1.8.2
Check: package dependencies
Result: NOTE
Package suggested but not available for checking: ‘doRedis’
Flavor: r-patched-solaris-x86
Version: 1.8.2
Check: package dependencies
Result: NOTE
Package suggested but not available for checking: ‘doMPI’
Flavors: r-release-macos-x86_64, r-oldrel-macos-x86_64
Version: 1.8.2
Check: Rd cross-references
Result: NOTE
Package unavailable to check Rd xrefs: ‘doMPI’
Flavors: r-release-macos-x86_64, r-oldrel-macos-x86_64