Last updated on 2020-12-31 00:46:41 CET.
Flavor | Version | Tinstall | Tcheck | Ttotal | Status | Flags |
---|---|---|---|---|---|---|
r-devel-linux-x86_64-debian-clang | 1.0-1 | 2.70 | 32.61 | 35.31 | NOTE | |
r-devel-linux-x86_64-debian-gcc | 1.0-1 | 2.30 | 24.04 | 26.34 | NOTE | |
r-devel-linux-x86_64-fedora-clang | 1.0-1 | 51.49 | NOTE | |||
r-devel-linux-x86_64-fedora-gcc | 1.0-1 | 41.03 | NOTE | |||
r-devel-windows-ix86+x86_64 | 1.0-1 | 5.00 | 46.00 | 51.00 | NOTE | |
r-patched-linux-x86_64 | 1.0-1 | 2.90 | 30.33 | 33.23 | NOTE | |
r-patched-solaris-x86 | 1.0-1 | 57.20 | NOTE | |||
r-release-linux-x86_64 | 1.0-1 | 2.57 | 30.85 | 33.42 | NOTE | |
r-release-macos-x86_64 | 1.0-1 | NOTE | ||||
r-release-windows-ix86+x86_64 | 1.0-1 | 6.00 | 34.00 | 40.00 | NOTE | |
r-oldrel-macos-x86_64 | 1.0-1 | NOTE | ||||
r-oldrel-windows-ix86+x86_64 | 1.0-1 | 5.00 | 50.00 | 55.00 | NOTE |
Version: 1.0-1
Check: DESCRIPTION meta-information
Result: NOTE
Malformed Title field: should not end in a period.
Flavors: r-devel-linux-x86_64-debian-clang, r-devel-linux-x86_64-debian-gcc, r-devel-linux-x86_64-fedora-clang, r-devel-linux-x86_64-fedora-gcc, r-devel-windows-ix86+x86_64, r-patched-linux-x86_64, r-patched-solaris-x86, r-release-linux-x86_64, r-release-macos-x86_64, r-release-windows-ix86+x86_64, r-oldrel-macos-x86_64, r-oldrel-windows-ix86+x86_64
Version: 1.0-1
Check: R code for possible problems
Result: NOTE
value: no visible global function definition for 'qchisq'
Undefined global functions or variables:
qchisq
Consider adding
importFrom("stats", "qchisq")
to your NAMESPACE file.
Flavors: r-devel-linux-x86_64-debian-clang, r-devel-linux-x86_64-debian-gcc, r-devel-linux-x86_64-fedora-clang, r-devel-linux-x86_64-fedora-gcc, r-devel-windows-ix86+x86_64, r-patched-linux-x86_64, r-patched-solaris-x86, r-release-linux-x86_64, r-release-macos-x86_64, r-release-windows-ix86+x86_64, r-oldrel-macos-x86_64, r-oldrel-windows-ix86+x86_64