CRAN Package Check Results for Package diffusr

Last updated on 2020-12-31 00:46:41 CET.

Flavor Version Tinstall Tcheck Ttotal Status Flags
r-devel-linux-x86_64-debian-clang 0.1.4 72.81 40.32 113.13 OK
r-devel-linux-x86_64-debian-gcc 0.1.4 45.54 32.18 77.72 OK
r-devel-linux-x86_64-fedora-clang 0.1.4 161.71 NOTE
r-devel-linux-x86_64-fedora-gcc 0.1.4 133.63 NOTE
r-devel-windows-ix86+x86_64 0.1.4 150.00 86.00 236.00 OK
r-patched-linux-x86_64 0.1.4 52.00 40.21 92.21 OK
r-patched-solaris-x86 0.1.4 126.80 NOTE
r-release-linux-x86_64 0.1.4 52.84 40.38 93.22 OK
r-release-macos-x86_64 0.1.4 NOTE
r-release-windows-ix86+x86_64 0.1.4 151.00 91.00 242.00 OK
r-oldrel-macos-x86_64 0.1.4 NOTE
r-oldrel-windows-ix86+x86_64 0.1.4 93.00 66.00 159.00 OK

Check Details

Version: 0.1.4
Check: installed package size
Result: NOTE
     installed size is 11.0Mb
     sub-directories of 1Mb or more:
     libs 10.0Mb
Flavors: r-devel-linux-x86_64-fedora-clang, r-release-macos-x86_64, r-oldrel-macos-x86_64

Version: 0.1.4
Check: dependencies in R code
Result: NOTE
    Namespace in Imports field not imported from: ‘methods’
     All declared Imports should be used.
Flavors: r-devel-linux-x86_64-fedora-clang, r-devel-linux-x86_64-fedora-gcc, r-patched-solaris-x86, r-release-macos-x86_64, r-oldrel-macos-x86_64