CRAN Package Check Results for Package did

Last updated on 2020-12-31 00:46:41 CET.

Flavor Version Tinstall Tcheck Ttotal Status Flags
r-devel-linux-x86_64-debian-clang 2.0.0 9.35 181.41 190.76 OK
r-devel-linux-x86_64-debian-gcc 2.0.0 7.20 132.18 139.38 OK
r-devel-linux-x86_64-fedora-clang 2.0.0 227.96 NOTE
r-devel-linux-x86_64-fedora-gcc 2.0.0 223.52 NOTE
r-devel-windows-ix86+x86_64 2.0.0 20.00 225.00 245.00 OK
r-patched-linux-x86_64 2.0.0 6.14 172.32 178.46 OK
r-patched-solaris-x86 2.0.0 372.20 NOTE
r-release-linux-x86_64 2.0.0 7.67 172.07 179.74 OK
r-release-macos-x86_64 2.0.0 NOTE
r-release-windows-ix86+x86_64 2.0.0 20.00 234.00 254.00 OK
r-oldrel-macos-x86_64 2.0.0 NOTE
r-oldrel-windows-ix86+x86_64 2.0.0 12.00 166.00 178.00 OK

Check Details

Version: 2.0.0
Check: dependencies in R code
Result: NOTE
    Namespace in Imports field not imported from: ‘knitr’
     All declared Imports should be used.
Flavors: r-devel-linux-x86_64-fedora-clang, r-devel-linux-x86_64-fedora-gcc, r-patched-solaris-x86, r-release-macos-x86_64, r-oldrel-macos-x86_64