CRAN Package Check Results for Package diagram

Last updated on 2020-12-31 00:46:41 CET.

Flavor Version Tinstall Tcheck Ttotal Status Flags
r-devel-linux-x86_64-debian-clang 1.6.5 4.39 44.82 49.21 OK
r-devel-linux-x86_64-debian-gcc 1.6.5 3.27 35.43 38.70 OK
r-devel-linux-x86_64-fedora-clang 1.6.5 69.56 OK
r-devel-linux-x86_64-fedora-gcc 1.6.5 59.47 OK
r-devel-windows-ix86+x86_64 1.6.5 7.00 68.00 75.00 OK
r-patched-linux-x86_64 1.6.5 4.41 43.44 47.85 OK
r-patched-solaris-x86 1.6.5 78.00 OK
r-release-linux-x86_64 1.6.5 4.30 42.98 47.28 WARN
r-release-macos-x86_64 1.6.5 OK
r-release-windows-ix86+x86_64 1.6.5 7.00 51.00 58.00 OK
r-oldrel-macos-x86_64 1.6.5 OK
r-oldrel-windows-ix86+x86_64 1.6.5 6.00 64.00 70.00 OK

Check Details

Version: 1.6.5
Check: re-building of vignette outputs
Result: WARN
    Error(s) in re-building vignettes:
     ...
    --- re-building ‘diagram.Rnw’ using Sweave
    Loading required package: shape
    Error: processing vignette 'diagram.Rnw' failed with diagnostics:
    Running ‘texi2dvi’ on ‘diagram.tex’ failed.
    LaTeX errors:
    ! Undefined control sequence.
    <recently read> \Hy@colorlink
    
    l.62 \begin{document}
    
    ! Undefined control sequence.
    \close@pdflink ->\Hy@endcolorlink
     \Hy@VerboseLinkStop \pdfendlink
    l.62 \begin{document}
    
    ! Undefined control sequence.
    <recently read> \Hy@colorlink
    
    l.62 \begin{document}
    
    ! Undefined control sequence.
    \close@pdflink ->\Hy@endcolorlink
     \Hy@VerboseLinkStop \pdfendlink
    l.62 \begin{document}
    
    ! Undefined control sequence.
    <recently read> \Hy@colorlink
    
    l.62 \begin{document}
    
    ! Undefined control sequence.
    \close@pdflink ->\Hy@endcolorlink
     \Hy@VerboseLinkStop \pdfendlink
    l.62 \begin{document}
    
    ! Undefined control sequence.
    <recently read> \Hy@colorlink
    
    l.62 \begin{document}
    
    ! Undefined control sequence.
    \close@pdflink ->\Hy@endcolorlink
     \Hy@VerboseLinkStop \pdfendlink
    l.62 \begin{document}
    
    ! Undefined control sequence.
    <recently read> \Hy@colorlink
    
    l.62 \begin{document}
    
    ! Undefined control sequence.
    \close@pdflink ->\Hy@endcolorlink
     \Hy@VerboseLinkStop \pdfendlink
    l.62 \begin{document}
    
    ! Undefined control sequence.
    <recently read> \Hy@colorlink
    
    l.62 \begin{document}
    
    ! Undefined control sequence.
    \close@pdflink ->\Hy@endcolorlink
     \Hy@VerboseLinkStop \pdfendlink
    l.62 \begin{document}
    
    ! Undefined control sequence.
    <recently read> \Hy@colorlink
    
    l.62 \begin{document}
    
    ! Undefined control sequence.
    \close@pdflink ->\Hy@endcolorlink
     \Hy@VerboseLinkStop \pdfendlink
    l.62 \begin{document}
    
    ! Undefined control sequence.
    <recently read> \Hy@colorlink
    
    l.62 \begin{document}
    
    ! Undefined control sequence.
    \close@pdflink ->\Hy@endcolorlink
     \Hy@VerboseLinkStop \pdfendlink
    l.62 \begin{document}
    
    --- failed re-building ‘diagram.Rnw’
    
    SUMMARY: processing the following file failed:
     ‘diagram.Rnw’
    
    Error: Vignette re-building failed.
    Execution halted
Flavor: r-release-linux-x86_64