CRAN Package Check Results for Package denseFLMM

Last updated on 2020-12-31 00:46:40 CET.

Flavor Version Tinstall Tcheck Ttotal Status Flags
r-devel-linux-x86_64-debian-clang 0.1.2 7.15 63.55 70.70 OK
r-devel-linux-x86_64-debian-gcc 0.1.2 6.51 49.19 55.70 OK
r-devel-linux-x86_64-fedora-clang 0.1.2 94.95 NOTE
r-devel-linux-x86_64-fedora-gcc 0.1.2 85.28 NOTE
r-devel-windows-ix86+x86_64 0.1.2 17.00 80.00 97.00 OK
r-patched-linux-x86_64 0.1.2 7.62 59.83 67.45 OK
r-patched-solaris-x86 0.1.2 121.30 NOTE
r-release-linux-x86_64 0.1.2 7.73 60.37 68.10 OK
r-release-macos-x86_64 0.1.2 NOTE
r-release-windows-ix86+x86_64 0.1.2 18.00 64.00 82.00 OK
r-oldrel-macos-x86_64 0.1.2 NOTE
r-oldrel-windows-ix86+x86_64 0.1.2 10.00 58.00 68.00 OK

Check Details

Version: 0.1.2
Check: dependencies in R code
Result: NOTE
    Namespace in Imports field not imported from: ‘mvtnorm’
     All declared Imports should be used.
Flavors: r-devel-linux-x86_64-fedora-clang, r-devel-linux-x86_64-fedora-gcc, r-patched-solaris-x86, r-release-macos-x86_64, r-oldrel-macos-x86_64