CRAN Package Check Results for Package densEstBayes

Last updated on 2020-12-31 00:46:40 CET.

Flavor Version Tinstall Tcheck Ttotal Status Flags
r-devel-linux-x86_64-debian-clang 1.0-1 195.61 110.99 306.60 OK
r-devel-linux-x86_64-debian-gcc 1.0-1 149.22 87.38 236.60 OK
r-devel-linux-x86_64-fedora-clang 1.0-1 401.77 NOTE
r-devel-linux-x86_64-fedora-gcc 1.0-1 395.31 NOTE
r-devel-windows-ix86+x86_64 1.0-1 411.00 221.00 632.00 NOTE
r-patched-linux-x86_64 1.0-1 126.25 109.11 235.36 OK
r-patched-solaris-x86 1.0-1 396.50 NOTE
r-release-linux-x86_64 1.0-1 125.51 110.56 236.07 OK
r-release-macos-x86_64 1.0-1 NOTE
r-release-windows-ix86+x86_64 1.0-1 328.00 7.00 335.00 ERROR
r-oldrel-macos-x86_64 1.0-1 NOTE
r-oldrel-windows-ix86+x86_64 1.0-1 259.00 162.00 421.00 NOTE

Check Details

Version: 1.0-1
Check: installed package size
Result: NOTE
     installed size is 35.8Mb
     sub-directories of 1Mb or more:
     doc 1.9Mb
     libs 33.6Mb
Flavors: r-devel-linux-x86_64-fedora-clang, r-devel-windows-ix86+x86_64, r-release-macos-x86_64, r-oldrel-macos-x86_64, r-oldrel-windows-ix86+x86_64

Version: 1.0-1
Check: dependencies in R code
Result: NOTE
    Namespace in Imports field not imported from: ‘methods’
     All declared Imports should be used.
Flavors: r-devel-linux-x86_64-fedora-clang, r-devel-linux-x86_64-fedora-gcc, r-patched-solaris-x86, r-release-macos-x86_64, r-oldrel-macos-x86_64

Version: 1.0-1
Check: whether package can be installed
Result: ERROR
    Installation failed.
Flavor: r-release-windows-ix86+x86_64