Last updated on 2020-12-31 00:46:40 CET.
Flavor | Version | Tinstall | Tcheck | Ttotal | Status | Flags |
---|---|---|---|---|---|---|
r-devel-linux-x86_64-debian-clang | 1.8.3 | 42.24 | 505.65 | 547.89 | OK | |
r-devel-linux-x86_64-debian-gcc | 1.8.3 | 33.73 | 368.80 | 402.53 | OK | |
r-devel-linux-x86_64-fedora-clang | 1.8.3 | 653.42 | NOTE | |||
r-devel-linux-x86_64-fedora-gcc | 1.8.3 | 662.08 | OK | |||
r-devel-windows-ix86+x86_64 | 1.8.3 | 87.00 | 627.00 | 714.00 | OK | |
r-patched-linux-x86_64 | 1.8.3 | 30.74 | 474.73 | 505.47 | OK | |
r-release-linux-x86_64 | 1.8.3 | 32.67 | 477.78 | 510.45 | OK | |
r-release-macos-x86_64 | 1.8.3 | OK | ||||
r-release-windows-ix86+x86_64 | 1.8.3 | 86.00 | 639.00 | 725.00 | OK | |
r-oldrel-macos-x86_64 | 1.8.3 | OK | ||||
r-oldrel-windows-ix86+x86_64 | 1.8.3 | 49.00 | 438.00 | 487.00 | OK |
Version: 1.8.3
Check: package dependencies
Result: NOTE
Suggests orphaned package: ‘plotly’
Flavor: r-devel-linux-x86_64-fedora-clang