CRAN Package Check Results for Package cvTools

Last updated on 2020-12-31 00:46:40 CET.

Flavor Version Tinstall Tcheck Ttotal Status Flags
r-devel-linux-x86_64-debian-clang 0.3.2 5.34 118.56 123.90 NOTE
r-devel-linux-x86_64-debian-gcc 0.3.2 3.80 89.81 93.61 NOTE
r-devel-linux-x86_64-fedora-clang 0.3.2 152.40 NOTE
r-devel-linux-x86_64-fedora-gcc 0.3.2 144.47 NOTE
r-devel-windows-ix86+x86_64 0.3.2 9.00 137.00 146.00 NOTE
r-patched-linux-x86_64 0.3.2 4.37 115.39 119.76 NOTE
r-patched-solaris-x86 0.3.2 205.00 NOTE
r-release-linux-x86_64 0.3.2 4.02 115.39 119.41 NOTE
r-release-macos-x86_64 0.3.2 NOTE
r-release-windows-ix86+x86_64 0.3.2 10.00 105.00 115.00 NOTE
r-oldrel-macos-x86_64 0.3.2 NOTE
r-oldrel-windows-ix86+x86_64 0.3.2 7.00 102.00 109.00 NOTE

Check Details

Version: 0.3.2
Check: DESCRIPTION meta-information
Result: NOTE
    Packages listed in more than one of Depends, Imports, Suggests, Enhances:
     'lattice' 'robustbase'
    A package should be listed in only one of these fields.
Flavors: r-devel-linux-x86_64-debian-clang, r-devel-linux-x86_64-debian-gcc, r-devel-linux-x86_64-fedora-clang, r-devel-linux-x86_64-fedora-gcc, r-devel-windows-ix86+x86_64, r-patched-linux-x86_64, r-patched-solaris-x86, r-release-linux-x86_64, r-release-macos-x86_64, r-release-windows-ix86+x86_64, r-oldrel-macos-x86_64, r-oldrel-windows-ix86+x86_64