CRAN Package Check Results for Package curephEM

Last updated on 2020-12-31 00:46:40 CET.

Flavor Version Tinstall Tcheck Ttotal Status Flags
r-devel-linux-x86_64-debian-clang 0.1.6 9.13 90.16 99.29 WARN
r-devel-linux-x86_64-debian-gcc 0.1.6 7.94 72.43 80.37 OK
r-devel-linux-x86_64-fedora-clang 0.1.6 135.24 OK
r-devel-linux-x86_64-fedora-gcc 0.1.6 121.61 OK
r-devel-windows-ix86+x86_64 0.1.6 18.00 114.00 132.00 OK
r-patched-linux-x86_64 0.1.6 7.29 89.76 97.05 OK
r-patched-solaris-x86 0.1.6 183.30 OK
r-release-linux-x86_64 0.1.6 9.48 92.59 102.07 OK
r-release-macos-x86_64 0.1.6 OK
r-release-windows-ix86+x86_64 0.1.6 19.00 80.00 99.00 WARN
r-oldrel-macos-x86_64 0.1.6 OK
r-oldrel-windows-ix86+x86_64 0.1.6 13.00 84.00 97.00 OK

Check Details

Version: 0.1.6
Check: re-building of vignette outputs
Result: WARN
    Error(s) in re-building vignettes:
     ...
    --- re-building 'curephEM-vignette.Rmd' using rmarkdown
    Quitting from lines 41-42 (curephEM-vignette.Rmd)
    Error: processing vignette 'curephEM-vignette.Rmd' failed with diagnostics:
    invalid 'times' argument
    --- failed re-building 'curephEM-vignette.Rmd'
    
    SUMMARY: processing the following file failed:
     'curephEM-vignette.Rmd'
    
    Error: Vignette re-building failed.
    Execution halted
Flavor: r-devel-linux-x86_64-debian-clang

Version: 0.1.6
Check: re-building of vignette outputs
Result: WARN
    Error(s) in re-building vignettes:
    --- re-building 'curephEM-vignette.Rmd' using rmarkdown
    Quitting from lines 41-42 (curephEM-vignette.Rmd)
    Error: processing vignette 'curephEM-vignette.Rmd' failed with diagnostics:
    invalid 'times' argument
    --- failed re-building 'curephEM-vignette.Rmd'
    
    SUMMARY: processing the following file failed:
     'curephEM-vignette.Rmd'
    
    Error: Vignette re-building failed.
    Execution halted
Flavor: r-release-windows-ix86+x86_64