CRAN Package Check Results for Package csabounds

Last updated on 2020-12-31 00:46:40 CET.

Flavor Version Tinstall Tcheck Ttotal Status Flags
r-devel-linux-x86_64-debian-clang 1.0.0 4.96 49.95 54.91 OK
r-devel-linux-x86_64-debian-gcc 1.0.0 4.47 37.42 41.89 OK
r-devel-linux-x86_64-fedora-clang 1.0.0 75.79 NOTE
r-devel-linux-x86_64-fedora-gcc 1.0.0 63.67 NOTE
r-devel-windows-ix86+x86_64 1.0.0 14.00 68.00 82.00 OK
r-patched-linux-x86_64 1.0.0 3.40 47.63 51.03 OK
r-patched-solaris-x86 1.0.0 96.80 NOTE
r-release-linux-x86_64 1.0.0 3.36 47.46 50.82 OK
r-release-macos-x86_64 1.0.0 NOTE
r-release-windows-ix86+x86_64 1.0.0 13.00 72.00 85.00 OK
r-oldrel-macos-x86_64 1.0.0 NOTE
r-oldrel-windows-ix86+x86_64 1.0.0 7.00 51.00 58.00 OK

Check Details

Version: 1.0.0
Check: dependencies in R code
Result: NOTE
    Namespace in Imports field not imported from: ‘qte’
     All declared Imports should be used.
Flavors: r-devel-linux-x86_64-fedora-clang, r-devel-linux-x86_64-fedora-gcc, r-patched-solaris-x86, r-release-macos-x86_64, r-oldrel-macos-x86_64