CRAN Package Check Results for Package crmPack

Last updated on 2020-12-31 00:46:40 CET.

Flavor Version Tinstall Tcheck Ttotal Status Flags
r-devel-linux-x86_64-debian-clang 1.0.0 21.42 193.89 215.31 NOTE --no-vignettes
r-devel-linux-x86_64-debian-gcc 1.0.0 17.00 146.81 163.81 NOTE --no-vignettes
r-devel-linux-x86_64-fedora-clang 1.0.0 1449.36 OK
r-devel-linux-x86_64-fedora-gcc 1.0.0 1485.07 OK
r-devel-windows-ix86+x86_64 1.0.0 47.00 236.00 283.00 NOTE --no-vignettes
r-patched-linux-x86_64 1.0.0 20.66 184.27 204.93 NOTE --no-vignettes
r-patched-solaris-x86 1.0.0 313.90 OK --no-vignettes
r-release-linux-x86_64 1.0.0 21.21 180.32 201.53 NOTE --no-vignettes
r-release-macos-x86_64 1.0.0 OK
r-release-windows-ix86+x86_64 1.0.0 50.00 174.00 224.00 NOTE --no-vignettes
r-oldrel-macos-x86_64 1.0.0 OK
r-oldrel-windows-ix86+x86_64 1.0.0 29.00 171.00 200.00 OK --no-vignettes

Check Details

Version: 1.0.0
Flags: --no-vignettes
Check: package vignettes
Result: NOTE
    Package vignette with placeholder title 'Vignette Title':
     'guidelines.Rmd'
Flavors: r-devel-linux-x86_64-debian-clang, r-devel-linux-x86_64-debian-gcc, r-devel-windows-ix86+x86_64, r-patched-linux-x86_64, r-release-linux-x86_64, r-release-windows-ix86+x86_64