CRAN Package Check Results for Package coxmeg

Last updated on 2020-12-31 00:46:40 CET.

Flavor Version Tinstall Tcheck Ttotal Status Flags
r-devel-linux-x86_64-debian-clang 1.0.12 118.92 466.97 585.89 OK
r-devel-linux-x86_64-debian-gcc 1.0.12 78.39 365.58 443.97 OK
r-devel-linux-x86_64-fedora-clang 1.0.12 742.25 NOTE
r-devel-linux-x86_64-fedora-gcc 1.0.12 714.21 NOTE
r-devel-windows-ix86+x86_64 1.0.12 258.00 578.00 836.00 OK
r-patched-linux-x86_64 1.0.12 93.35 450.92 544.27 OK
r-release-linux-x86_64 1.0.12 90.39 461.96 552.35 OK
r-release-macos-x86_64 1.0.12 NOTE
r-release-windows-ix86+x86_64 1.0.12 254.00 613.00 867.00 OK
r-oldrel-macos-x86_64 1.0.12 NOTE
r-oldrel-windows-ix86+x86_64 1.0.12 157.00 442.00 599.00 OK

Check Details

Version: 1.0.12
Check: installed package size
Result: NOTE
     installed size is 18.8Mb
     sub-directories of 1Mb or more:
     libs 18.3Mb
Flavors: r-devel-linux-x86_64-fedora-clang, r-release-macos-x86_64, r-oldrel-macos-x86_64

Version: 1.0.12
Check: dependencies in R code
Result: NOTE
    Namespace in Imports field not imported from: ‘coxme’
     All declared Imports should be used.
Flavors: r-devel-linux-x86_64-fedora-clang, r-devel-linux-x86_64-fedora-gcc, r-release-macos-x86_64, r-oldrel-macos-x86_64