Last updated on 2020-12-31 00:46:40 CET.
Flavor | Version | Tinstall | Tcheck | Ttotal | Status | Flags |
---|---|---|---|---|---|---|
r-devel-linux-x86_64-debian-clang | 0.4.4 | 24.52 | 31.52 | 56.04 | OK | |
r-devel-linux-x86_64-debian-gcc | 0.4.4 | 21.62 | 25.45 | 47.07 | OK | |
r-devel-linux-x86_64-fedora-clang | 0.4.4 | 85.16 | NOTE | |||
r-devel-linux-x86_64-fedora-gcc | 0.4.4 | 77.56 | OK | |||
r-devel-windows-ix86+x86_64 | 0.4.4 | 56.00 | 73.00 | 129.00 | OK | |
r-patched-linux-x86_64 | 0.4.4 | 24.96 | 31.87 | 56.83 | OK | |
r-patched-solaris-x86 | 0.4.4 | 84.30 | OK | |||
r-release-linux-x86_64 | 0.4.4 | 24.09 | 31.81 | 55.90 | OK | |
r-release-macos-x86_64 | 0.4.4 | NOTE | ||||
r-release-windows-ix86+x86_64 | 0.4.4 | 57.00 | 70.00 | 127.00 | OK | |
r-oldrel-macos-x86_64 | 0.4.4 | NOTE | ||||
r-oldrel-windows-ix86+x86_64 | 0.4.4 | 36.00 | 56.00 | 92.00 | OK |
Version: 0.4.4
Check: installed package size
Result: NOTE
installed size is 9.1Mb
sub-directories of 1Mb or more:
libs 8.5Mb
Flavors: r-devel-linux-x86_64-fedora-clang, r-release-macos-x86_64, r-oldrel-macos-x86_64