CRAN Package Check Results for Package conquestr

Last updated on 2020-12-31 00:46:39 CET.

Flavor Version Tinstall Tcheck Ttotal Status Flags
r-devel-linux-x86_64-debian-clang 0.8.5 22.69 52.17 74.86 OK
r-devel-linux-x86_64-debian-gcc 0.8.5 15.45 39.05 54.50 OK
r-devel-linux-x86_64-fedora-clang 0.8.5 101.66 NOTE
r-devel-linux-x86_64-fedora-gcc 0.8.5 89.74 NOTE
r-devel-windows-ix86+x86_64 0.8.5 53.00 103.00 156.00 OK
r-patched-linux-x86_64 0.8.5 17.64 48.70 66.34 OK
r-patched-solaris-x86 0.8.5 108.00 NOTE
r-release-linux-x86_64 0.8.5 18.08 48.80 66.88 OK
r-release-macos-x86_64 0.8.5 NOTE
r-release-windows-ix86+x86_64 0.8.5 55.00 105.00 160.00 OK
r-oldrel-macos-x86_64 0.8.5 NOTE
r-oldrel-windows-ix86+x86_64 0.8.5 35.00 74.00 109.00 OK

Check Details

Version: 0.8.5
Check: dependencies in R code
Result: NOTE
    Namespace in Imports field not imported from: ‘reshape’
     All declared Imports should be used.
Flavors: r-devel-linux-x86_64-fedora-clang, r-devel-linux-x86_64-fedora-gcc, r-patched-solaris-x86, r-release-macos-x86_64, r-oldrel-macos-x86_64