Last updated on 2020-12-31 00:46:39 CET.
Flavor | Version | Tinstall | Tcheck | Ttotal | Status | Flags |
---|---|---|---|---|---|---|
r-devel-linux-x86_64-debian-clang | 0.0.2 | 7.20 | 70.34 | 77.54 | OK | |
r-devel-linux-x86_64-debian-gcc | 0.0.2 | 6.16 | 54.94 | 61.10 | OK | |
r-devel-linux-x86_64-fedora-clang | 0.0.2 | 101.88 | NOTE | |||
r-devel-linux-x86_64-fedora-gcc | 0.0.2 | 93.21 | OK | |||
r-devel-windows-ix86+x86_64 | 0.0.2 | 17.00 | 92.00 | 109.00 | OK | |
r-patched-linux-x86_64 | 0.0.2 | 7.15 | 66.06 | 73.21 | OK | |
r-patched-solaris-x86 | 0.0.2 | 135.70 | OK | |||
r-release-linux-x86_64 | 0.0.2 | 7.35 | 67.10 | 74.45 | OK | |
r-release-macos-x86_64 | 0.0.2 | OK | ||||
r-release-windows-ix86+x86_64 | 0.0.2 | 17.00 | 74.00 | 91.00 | OK | |
r-oldrel-macos-x86_64 | 0.0.2 | OK | ||||
r-oldrel-windows-ix86+x86_64 | 0.0.2 | 11.00 | 61.00 | 72.00 | OK |
Version: 0.0.2
Check: Rd cross-references
Result: NOTE
Undeclared package ‘mvtnorm’ in Rd xrefs
Flavor: r-devel-linux-x86_64-fedora-clang