Last updated on 2020-12-31 00:46:39 CET.
Flavor | Version | Tinstall | Tcheck | Ttotal | Status | Flags |
---|---|---|---|---|---|---|
r-devel-linux-x86_64-debian-clang | 2.0.1 | 13.98 | 88.17 | 102.15 | OK | |
r-devel-linux-x86_64-debian-gcc | 2.0.1 | 9.87 | 67.84 | 77.71 | OK | |
r-devel-linux-x86_64-fedora-clang | 2.0.1 | 130.13 | NOTE | |||
r-devel-linux-x86_64-fedora-gcc | 2.0.1 | 119.27 | NOTE | |||
r-devel-windows-ix86+x86_64 | 2.0.1 | 28.00 | 147.00 | 175.00 | OK | |
r-patched-linux-x86_64 | 2.0.1 | 12.43 | 81.94 | 94.37 | OK | |
r-patched-solaris-x86 | 2.0.1 | 168.80 | OK | |||
r-release-linux-x86_64 | 2.0.1 | 10.39 | 83.07 | 93.46 | OK | |
r-release-macos-x86_64 | 2.0.1 | OK | ||||
r-release-windows-ix86+x86_64 | 2.0.1 | 29.00 | 111.00 | 140.00 | OK | |
r-oldrel-macos-x86_64 | 2.0.1 | OK | ||||
r-oldrel-windows-ix86+x86_64 | 2.0.1 | 18.00 | 97.00 | 115.00 | OK |
Version: 2.0.1
Check: compiled code
Result: NOTE
File ‘condSURV/libs/condSURV.so’:
Found no calls to: ‘R_registerRoutines’, ‘R_useDynamicSymbols’
It is good practice to register native routines and to disable symbol
search.
See ‘Writing portable packages’ in the ‘Writing R Extensions’ manual.
Flavors: r-devel-linux-x86_64-fedora-clang, r-devel-linux-x86_64-fedora-gcc