Last updated on 2020-12-31 00:46:39 CET.
Flavor | Version | Tinstall | Tcheck | Ttotal | Status | Flags |
---|---|---|---|---|---|---|
r-devel-linux-x86_64-debian-clang | 1.0.4 | 477.81 | 133.15 | 610.96 | NOTE | |
r-devel-linux-x86_64-debian-gcc | 1.0.4 | 388.76 | 116.68 | 505.44 | NOTE | |
r-devel-linux-x86_64-fedora-clang | 1.0.4 | 821.59 | NOTE | |||
r-devel-linux-x86_64-fedora-gcc | 1.0.4 | 890.02 | NOTE | |||
r-devel-windows-ix86+x86_64 | 1.0.4 | 998.00 | 281.00 | 1279.00 | NOTE | |
r-patched-linux-x86_64 | 1.0.4 | 348.23 | 147.24 | 495.47 | NOTE | |
r-patched-solaris-x86 | 1.0.4 | 787.80 | NOTE | |||
r-release-linux-x86_64 | 1.0.4 | 342.77 | 146.69 | 489.46 | NOTE | |
r-release-macos-x86_64 | 1.0.4 | NOTE | ||||
r-release-windows-ix86+x86_64 | 1.0.4 | 414.00 | 8.00 | 422.00 | ERROR | |
r-oldrel-macos-x86_64 | 1.0.4 | NOTE | ||||
r-oldrel-windows-ix86+x86_64 | 1.0.4 | 671.00 | 179.00 | 850.00 | NOTE |
Version: 1.0.4
Check: for GNU extensions in Makefiles
Result: NOTE
GNU make is a SystemRequirements.
Flavors: r-devel-linux-x86_64-debian-clang, r-devel-linux-x86_64-debian-gcc, r-devel-linux-x86_64-fedora-clang, r-devel-linux-x86_64-fedora-gcc, r-devel-windows-ix86+x86_64, r-patched-linux-x86_64, r-patched-solaris-x86, r-release-linux-x86_64, r-release-macos-x86_64, r-oldrel-macos-x86_64, r-oldrel-windows-ix86+x86_64
Version: 1.0.4
Check: installed package size
Result: NOTE
installed size is 77.8Mb
sub-directories of 1Mb or more:
libs 76.5Mb
Flavors: r-devel-linux-x86_64-fedora-clang, r-devel-windows-ix86+x86_64, r-patched-solaris-x86, r-release-macos-x86_64, r-oldrel-macos-x86_64, r-oldrel-windows-ix86+x86_64
Version: 1.0.4
Check: whether package can be installed
Result: ERROR
Installation failed.
Flavor: r-release-windows-ix86+x86_64