Last updated on 2020-12-31 00:46:39 CET.
Flavor | Version | Tinstall | Tcheck | Ttotal | Status | Flags |
---|---|---|---|---|---|---|
r-devel-linux-x86_64-debian-clang | 0.0-8 | 2.11 | 20.98 | 23.09 | NOTE | |
r-devel-linux-x86_64-debian-gcc | 0.0-8 | 1.56 | 16.47 | 18.03 | NOTE | |
r-devel-linux-x86_64-fedora-clang | 0.0-8 | 37.66 | NOTE | |||
r-devel-linux-x86_64-fedora-gcc | 0.0-8 | 27.96 | NOTE | |||
r-devel-windows-ix86+x86_64 | 0.0-8 | 4.00 | 33.00 | 37.00 | NOTE | |
r-patched-linux-x86_64 | 0.0-8 | 2.01 | 20.48 | 22.49 | NOTE | |
r-patched-solaris-x86 | 0.0-8 | 41.50 | NOTE | |||
r-release-linux-x86_64 | 0.0-8 | 1.87 | 20.59 | 22.46 | NOTE | |
r-release-macos-x86_64 | 0.0-8 | NOTE | ||||
r-release-windows-ix86+x86_64 | 0.0-8 | 4.00 | 24.00 | 28.00 | NOTE | |
r-oldrel-macos-x86_64 | 0.0-8 | NOTE | ||||
r-oldrel-windows-ix86+x86_64 | 0.0-8 | 4.00 | 37.00 | 41.00 | NOTE |
Version: 0.0-8
Check: DESCRIPTION meta-information
Result: NOTE
Malformed Description field: should contain one or more complete sentences.
Flavors: r-devel-linux-x86_64-debian-clang, r-devel-linux-x86_64-debian-gcc, r-devel-linux-x86_64-fedora-clang, r-devel-linux-x86_64-fedora-gcc, r-devel-windows-ix86+x86_64, r-patched-linux-x86_64, r-patched-solaris-x86, r-release-linux-x86_64, r-release-macos-x86_64, r-release-windows-ix86+x86_64, r-oldrel-macos-x86_64, r-oldrel-windows-ix86+x86_64