CRAN Package Check Results for Package coin

Last updated on 2020-12-31 00:46:39 CET.

Flavor Version Tinstall Tcheck Ttotal Status Flags
r-devel-linux-x86_64-debian-clang 1.3-1 18.61 309.27 327.88 OK
r-devel-linux-x86_64-debian-gcc 1.3-1 13.98 242.64 256.62 OK
r-devel-linux-x86_64-fedora-clang 1.3-1 402.19 OK
r-devel-linux-x86_64-fedora-gcc 1.3-1 392.34 OK
r-devel-windows-ix86+x86_64 1.3-1 37.00 539.00 576.00 OK
r-patched-linux-x86_64 1.3-1 15.94 295.45 311.39 OK
r-patched-solaris-x86 1.3-1 605.00 OK
r-release-linux-x86_64 1.3-1 17.29 292.04 309.33 WARN
r-release-macos-x86_64 1.3-1 OK
r-release-windows-ix86+x86_64 1.3-1 38.00 422.00 460.00 OK
r-oldrel-macos-x86_64 1.3-1 OK
r-oldrel-windows-ix86+x86_64 1.3-1 24.00 387.00 411.00 OK

Check Details

Version: 1.3-1
Check: re-building of vignette outputs
Result: WARN
    Error(s) in re-building vignettes:
     ...
    --- re-building ‘Implementation.Rnw’ using Sweave
    Loading required package: survival
    Loading required package: grid
    Error: processing vignette 'Implementation.Rnw' failed with diagnostics:
    Running ‘texi2dvi’ on ‘Implementation.tex’ failed.
    LaTeX errors:
    ! Undefined control sequence.
    <recently read> \Hy@colorlink
    
    l.108 \begin{document}
    
    ! Undefined control sequence.
    \close@pdflink ->\Hy@endcolorlink
     \Hy@VerboseLinkStop \pdfendlink
    l.108 \begin{document}
    
    ! Undefined control sequence.
    <recently read> \Hy@colorlink
    
    l.108 \begin{document}
    
    ! Undefined control sequence.
    \close@pdflink ->\Hy@endcolorlink
     \Hy@VerboseLinkStop \pdfendlink
    l.108 \begin{document}
    
    --- failed re-building ‘Implementation.Rnw’
    
    --- re-building ‘LegoCondInf.Rnw’ using Sweave
    Loading required package: coin
    Loading required package: survival
    --- finished re-building ‘LegoCondInf.Rnw’
    
    --- re-building ‘MAXtest.Rnw’ using Sweave
    Loading required package: survival
    Error: processing vignette 'MAXtest.Rnw' failed with diagnostics:
    Running ‘texi2dvi’ on ‘MAXtest.tex’ failed.
    LaTeX errors:
    ! Undefined control sequence.
    \hyper@linkurl ...tionraw >>}\relax \Hy@colorlink
     \@urlcolor #1\Hy@xspace@en...
    l.162 \begin{document}
    
    ! Undefined control sequence.
    \close@pdflink ->\Hy@endcolorlink
     \Hy@VerboseLinkStop \pdfendlink
    l.162 \begin{document}
    
    ! Undefined control sequence.
    <recently read> \Hy@colorlink
    
    l.162 \begin{document}
    
    ! Undefined control sequence.
    \close@pdflink ->\Hy@endcolorlink
     \Hy@VerboseLinkStop \pdfendlink
    l.162 \begin{document}
    
    ! Undefined control sequence.
    <recently read> \Hy@colorlink
    
    l.162 \begin{document}
    
    ! Undefined control sequence.
    \close@pdflink ->\Hy@endcolorlink
     \Hy@VerboseLinkStop \pdfendlink
    l.162 \begin{document}
    
    --- failed re-building ‘MAXtest.Rnw’
    
    --- re-building ‘coin.Rnw’ using Sweave
    Loading required package: coin
    Loading required package: survival
    Warning in .local(object, ...) :
     p-values may be incorrect due to violation
     of the subset pivotality condition
    --- finished re-building ‘coin.Rnw’
    
    SUMMARY: processing the following files failed:
     ‘Implementation.Rnw’ ‘MAXtest.Rnw’
    
    Error: Vignette re-building failed.
    Execution halted
Flavor: r-release-linux-x86_64