CRAN Package Check Results for Package coda.base

Last updated on 2020-12-31 00:46:39 CET.

Flavor Version Tinstall Tcheck Ttotal Status Flags
r-devel-linux-x86_64-debian-clang 0.3.1 59.49 35.74 95.23 OK
r-devel-linux-x86_64-debian-gcc 0.3.1 36.04 27.84 63.88 OK
r-devel-linux-x86_64-fedora-clang 0.3.1 134.97 NOTE
r-devel-linux-x86_64-fedora-gcc 0.3.1 115.80 NOTE
r-devel-windows-ix86+x86_64 0.3.1 124.00 80.00 204.00 OK
r-patched-linux-x86_64 0.3.1 41.76 34.01 75.77 OK
r-patched-solaris-x86 0.3.1 115.40 NOTE
r-release-linux-x86_64 0.3.1 44.02 34.33 78.35 OK
r-release-macos-x86_64 0.3.1 NOTE
r-release-windows-ix86+x86_64 0.3.1 122.00 80.00 202.00 OK
r-oldrel-macos-x86_64 0.3.1 NOTE
r-oldrel-windows-ix86+x86_64 0.3.1 77.00 57.00 134.00 OK

Check Details

Version: 0.3.1
Check: data for non-ASCII characters
Result: NOTE
     Note: found 19 marked UTF-8 strings
Flavors: r-devel-linux-x86_64-fedora-clang, r-devel-linux-x86_64-fedora-gcc, r-patched-solaris-x86, r-release-macos-x86_64, r-oldrel-macos-x86_64