Last updated on 2020-12-31 00:46:39 CET.
Flavor | Version | Tinstall | Tcheck | Ttotal | Status | Flags |
---|---|---|---|---|---|---|
r-devel-linux-x86_64-debian-clang | 1.1-3 | 5.32 | 35.88 | 41.20 | NOTE | |
r-devel-linux-x86_64-debian-gcc | 1.1-3 | 3.99 | 28.03 | 32.02 | NOTE | |
r-devel-linux-x86_64-fedora-clang | 1.1-3 | 57.58 | NOTE | |||
r-devel-linux-x86_64-fedora-gcc | 1.1-3 | 48.20 | NOTE | |||
r-devel-windows-ix86+x86_64 | 1.1-3 | 11.00 | 51.00 | 62.00 | NOTE | |
r-patched-linux-x86_64 | 1.1-3 | 5.30 | 34.19 | 39.49 | NOTE | |
r-patched-solaris-x86 | 1.1-3 | 66.80 | NOTE | |||
r-release-linux-x86_64 | 1.1-3 | 5.15 | 35.20 | 40.35 | NOTE | |
r-release-macos-x86_64 | 1.1-3 | NOTE | ||||
r-release-windows-ix86+x86_64 | 1.1-3 | 10.00 | 37.00 | 47.00 | NOTE | |
r-oldrel-macos-x86_64 | 1.1-3 | NOTE | ||||
r-oldrel-windows-ix86+x86_64 | 1.1-3 | 4.00 | 36.00 | 40.00 | NOTE |
Version: 1.1-3
Check: package dependencies
Result: NOTE
Package which this enhances but not available for checking: 'rkward'
Flavors: r-devel-linux-x86_64-debian-clang, r-devel-linux-x86_64-debian-gcc, r-devel-linux-x86_64-fedora-clang, r-devel-linux-x86_64-fedora-gcc, r-devel-windows-ix86+x86_64, r-patched-linux-x86_64, r-patched-solaris-x86, r-release-linux-x86_64, r-release-macos-x86_64, r-release-windows-ix86+x86_64, r-oldrel-macos-x86_64, r-oldrel-windows-ix86+x86_64