CRAN Package Check Results for Package cna

Last updated on 2020-12-31 00:46:39 CET.

Flavor Version Tinstall Tcheck Ttotal Status Flags
r-devel-linux-x86_64-debian-clang 3.0.1 100.85 175.77 276.62 OK
r-devel-linux-x86_64-debian-gcc 3.0.1 62.66 129.49 192.15 OK
r-devel-linux-x86_64-fedora-clang 3.0.1 360.17 NOTE
r-devel-linux-x86_64-fedora-gcc 3.0.1 333.30 OK
r-devel-windows-ix86+x86_64 3.0.1 212.00 283.00 495.00 OK
r-patched-linux-x86_64 3.0.1 74.41 163.59 238.00 OK
r-patched-solaris-x86 3.0.1 379.10 OK
r-release-linux-x86_64 3.0.1 72.33 164.76 237.09 OK
r-release-macos-x86_64 3.0.1 OK
r-release-windows-ix86+x86_64 3.0.1 213.00 287.00 500.00 OK
r-oldrel-macos-x86_64 3.0.1 OK
r-oldrel-windows-ix86+x86_64 3.0.1 138.00 199.00 337.00 OK

Check Details

Version: 3.0.1
Check: installed package size
Result: NOTE
     installed size is 5.4Mb
     sub-directories of 1Mb or more:
     libs 4.2Mb
Flavor: r-devel-linux-x86_64-fedora-clang