CRAN Package Check Results for Package cmsafvis

Last updated on 2020-12-31 00:46:39 CET.

Flavor Version Tinstall Tcheck Ttotal Status Flags
r-devel-linux-x86_64-debian-clang 1.0.1 7.84 94.87 102.71 OK
r-devel-linux-x86_64-debian-gcc 1.0.1 6.75 71.27 78.02 OK
r-devel-linux-x86_64-fedora-clang 1.0.1 130.87 NOTE
r-devel-linux-x86_64-fedora-gcc 1.0.1 123.43 NOTE
r-devel-windows-ix86+x86_64 1.0.1 14.00 117.00 131.00 OK
r-patched-linux-x86_64 1.0.1 8.01 90.98 98.99 OK
r-patched-solaris-x86 1.0.1 162.10 NOTE
r-release-linux-x86_64 1.0.1 6.14 90.71 96.85 OK
r-release-macos-x86_64 1.0.1 NOTE
r-release-windows-ix86+x86_64 1.0.1 15.00 114.00 129.00 OK
r-oldrel-macos-x86_64 1.0.1 NOTE
r-oldrel-windows-ix86+x86_64 1.0.1 8.00 77.00 85.00 OK

Check Details

Version: 1.0.1
Check: dependencies in R code
Result: NOTE
    Namespaces in Imports field not imported from:
     ‘maptools’ ‘rworldxtra’
     All declared Imports should be used.
Flavors: r-devel-linux-x86_64-fedora-clang, r-devel-linux-x86_64-fedora-gcc, r-patched-solaris-x86, r-release-macos-x86_64, r-oldrel-macos-x86_64