CRAN Package Check Results for Package cmsafops

Last updated on 2020-12-31 00:46:39 CET.

Flavor Version Tinstall Tcheck Ttotal Status Flags
r-devel-linux-x86_64-debian-clang 1.0.0 10.66 128.19 138.85 OK
r-devel-linux-x86_64-debian-gcc 1.0.0 8.01 91.72 99.73 OK
r-devel-linux-x86_64-fedora-clang 1.0.0 166.72 OK
r-devel-linux-x86_64-fedora-gcc 1.0.0 160.76 OK
r-devel-windows-ix86+x86_64 1.0.0 16.00 150.00 166.00 OK
r-patched-linux-x86_64 1.0.0 10.56 118.99 129.55 OK
r-patched-solaris-x86 1.0.0 190.30 OK
r-release-linux-x86_64 1.0.0 9.75 118.60 128.35 OK
r-release-macos-x86_64 1.0.0 NOTE
r-release-windows-ix86+x86_64 1.0.0 16.00 149.00 165.00 OK
r-oldrel-macos-x86_64 1.0.0 NOTE
r-oldrel-windows-ix86+x86_64 1.0.0 11.00 101.00 112.00 OK

Check Details

Version: 1.0.0
Check: package dependencies
Result: NOTE
    Package suggested but not available for checking: ‘cmsafvis’
Flavors: r-release-macos-x86_64, r-oldrel-macos-x86_64