CRAN Package Check Results for Package cmenet

Last updated on 2020-12-31 00:46:39 CET.

Flavor Version Tinstall Tcheck Ttotal Status Flags
r-devel-linux-x86_64-debian-clang 0.1.1 43.26 65.35 108.61 OK
r-devel-linux-x86_64-debian-gcc 0.1.1 29.20 50.29 79.49 OK
r-devel-linux-x86_64-fedora-clang 0.1.1 149.63 NOTE
r-devel-linux-x86_64-fedora-gcc 0.1.1 132.80 NOTE
r-devel-windows-ix86+x86_64 0.1.1 102.00 123.00 225.00 OK
r-patched-linux-x86_64 0.1.1 35.44 60.60 96.04 OK
r-patched-solaris-x86 0.1.1 157.50 NOTE
r-release-linux-x86_64 0.1.1 37.56 60.68 98.24 OK
r-release-macos-x86_64 0.1.1 NOTE
r-release-windows-ix86+x86_64 0.1.1 99.00 124.00 223.00 OK
r-oldrel-macos-x86_64 0.1.1 NOTE
r-oldrel-windows-ix86+x86_64 0.1.1 65.00 86.00 151.00 OK

Check Details

Version: 0.1.1
Check: dependencies in R code
Result: NOTE
    Namespace in Imports field not imported from: ‘MASS’
     All declared Imports should be used.
Flavors: r-devel-linux-x86_64-fedora-clang, r-devel-linux-x86_64-fedora-gcc, r-patched-solaris-x86, r-release-macos-x86_64, r-oldrel-macos-x86_64