Last updated on 2020-12-31 00:46:39 CET.
Flavor | Version | Tinstall | Tcheck | Ttotal | Status | Flags |
---|---|---|---|---|---|---|
r-devel-linux-x86_64-debian-clang | 1.3.7 | 5.90 | 36.85 | 42.75 | OK | |
r-devel-linux-x86_64-debian-gcc | 1.3.7 | 4.39 | 28.02 | 32.41 | OK | |
r-devel-linux-x86_64-fedora-clang | 1.3.7 | 60.32 | OK | |||
r-devel-linux-x86_64-fedora-gcc | 1.3.7 | 50.60 | OK | |||
r-devel-windows-ix86+x86_64 | 1.3.7 | 10.00 | 51.00 | 61.00 | OK | |
r-patched-linux-x86_64 | 1.3.7 | 5.37 | 34.81 | 40.18 | OK | |
r-patched-solaris-x86 | 1.3.7 | 65.80 | OK | |||
r-release-linux-x86_64 | 1.3.7 | 5.54 | 34.77 | 40.31 | OK | |
r-release-macos-x86_64 | 1.3.7 | OK | ||||
r-release-windows-ix86+x86_64 | 1.3.7 | 10.00 | 38.00 | 48.00 | OK | |
r-oldrel-macos-x86_64 | 1.3.7 | NOTE | ||||
r-oldrel-windows-ix86+x86_64 | 1.3.7 | 6.00 | 36.00 | 42.00 | NOTE |
Version: 1.3.7
Check: R code for possible problems
Result: NOTE
plotCluster: no visible global function definition for ‘plot’
qqbeta: no visible global function definition for ‘plot’
viewClusters: no visible global function definition for ‘plot’
Undefined global functions or variables:
plot
Consider adding
importFrom("graphics", "plot")
to your NAMESPACE file.
Flavors: r-oldrel-macos-x86_64, r-oldrel-windows-ix86+x86_64