Last updated on 2020-12-31 00:46:39 CET.
Flavor | Version | Tinstall | Tcheck | Ttotal | Status | Flags |
---|---|---|---|---|---|---|
r-devel-linux-x86_64-debian-clang | 1.2.8 | 6.34 | 32.09 | 38.43 | OK | |
r-devel-linux-x86_64-debian-gcc | 1.2.8 | 5.02 | 25.59 | 30.61 | OK | |
r-devel-linux-x86_64-fedora-clang | 1.2.8 | 57.17 | NOTE | |||
r-devel-linux-x86_64-fedora-gcc | 1.2.8 | 47.24 | NOTE | |||
r-devel-windows-ix86+x86_64 | 1.2.8 | 17.00 | 55.00 | 72.00 | OK | |
r-patched-linux-x86_64 | 1.2.8 | 6.17 | 31.65 | 37.82 | OK | |
r-patched-solaris-x86 | 1.2.8 | 61.20 | OK | |||
r-release-linux-x86_64 | 1.2.8 | 5.97 | 31.45 | 37.42 | OK | |
r-release-macos-x86_64 | 1.2.8 | OK | ||||
r-release-windows-ix86+x86_64 | 1.2.8 | 15.00 | 44.00 | 59.00 | OK | |
r-oldrel-macos-x86_64 | 1.2.8 | OK | ||||
r-oldrel-windows-ix86+x86_64 | 1.2.8 | 15.00 | 43.00 | 58.00 | OK |
Version: 1.2.8
Check: top-level files
Result: NOTE
possible bashism in cleanup line 15 (brace expansion):
rm -f src/*.{o,so,mod}
possible bashism in cleanup line 17 (brace expansion):
rm -f config.{log,status}
possible bashism in cleanup line 22 (brace expansion):
rm -f vignettes/*.{tex,aux,bbl,blg,log,toc,idx,ind,ilg,out,synctex.gz}
Flavors: r-devel-linux-x86_64-fedora-clang, r-devel-linux-x86_64-fedora-gcc