CRAN Package Check Results for Package cluster

Last updated on 2020-12-31 00:46:39 CET.

Flavor Version Tinstall Tcheck Ttotal Status Flags
r-devel-linux-x86_64-debian-clang 2.1.0 10.07 135.92 145.99 OK
r-devel-linux-x86_64-debian-gcc 2.1.0 8.18 96.84 105.02 OK
r-devel-linux-x86_64-fedora-clang 2.1.0 185.22 NOTE
r-devel-linux-x86_64-fedora-gcc 2.1.0 168.41 OK
r-devel-windows-ix86+x86_64 2.1.0 28.00 263.00 291.00 OK
r-patched-linux-x86_64 2.1.0 7.13 126.16 133.29 OK
r-patched-solaris-x86 2.1.0 OK
r-release-linux-x86_64 2.1.0 6.93 123.16 130.09 OK
r-release-macos-x86_64 2.1.0 OK
r-release-windows-ix86+x86_64 2.1.0 27.00 213.00 240.00 OK
r-oldrel-macos-x86_64 2.1.0 OK
r-oldrel-windows-ix86+x86_64 2.1.0 22.00 193.00 215.00 OK

Check Details

Version: 2.1.0
Check: Rd cross-references
Result: NOTE
    Undeclared packages ‘mvoutlier’, ‘fpc’, ‘ellipse’, ‘sfsmisc’ in Rd xrefs
Flavor: r-devel-linux-x86_64-fedora-clang