Last updated on 2020-12-31 00:46:39 CET.
Flavor | Version | Tinstall | Tcheck | Ttotal | Status | Flags |
---|---|---|---|---|---|---|
r-devel-linux-x86_64-debian-clang | 2.0.0 | 12.13 | 108.68 | 120.81 | OK | |
r-devel-linux-x86_64-debian-gcc | 2.0.0 | 8.54 | 80.48 | 89.02 | OK | |
r-devel-linux-x86_64-fedora-clang | 2.0.0 | 153.22 | NOTE | |||
r-devel-linux-x86_64-fedora-gcc | 2.0.0 | 139.34 | NOTE | |||
r-devel-windows-ix86+x86_64 | 2.0.0 | 27.00 | 132.00 | 159.00 | OK | |
r-patched-linux-x86_64 | 2.0.0 | 11.01 | 100.58 | 111.59 | OK | |
r-patched-solaris-x86 | 2.0.0 | 205.80 | NOTE | |||
r-release-linux-x86_64 | 2.0.0 | 11.61 | 100.96 | 112.57 | OK | |
r-release-macos-x86_64 | 2.0.0 | NOTE | ||||
r-release-windows-ix86+x86_64 | 2.0.0 | 27.00 | 100.00 | 127.00 | OK | |
r-oldrel-macos-x86_64 | 2.0.0 | NOTE | ||||
r-oldrel-windows-ix86+x86_64 | 2.0.0 | 15.00 | 92.00 | 107.00 | OK |
Version: 2.0.0
Check: dependencies in R code
Result: NOTE
Namespace in Imports field not imported from: ‘KernSmooth’
All declared Imports should be used.
Flavors: r-devel-linux-x86_64-fedora-clang, r-devel-linux-x86_64-fedora-gcc, r-patched-solaris-x86, r-release-macos-x86_64, r-oldrel-macos-x86_64