CRAN Package Check Results for Package clhs

Last updated on 2020-12-31 00:46:39 CET.

Flavor Version Tinstall Tcheck Ttotal Status Flags
r-devel-linux-x86_64-debian-clang 0.7-3 10.58 201.27 211.85 OK
r-devel-linux-x86_64-debian-gcc 0.7-3 8.65 159.12 167.77 OK
r-devel-linux-x86_64-fedora-clang 0.7-3 252.67 NOTE
r-devel-linux-x86_64-fedora-gcc 0.7-3 257.48 NOTE
r-devel-windows-ix86+x86_64 0.7-3 23.00 245.00 268.00 OK
r-patched-linux-x86_64 0.7-3 11.18 200.79 211.97 OK
r-patched-solaris-x86 0.7-3 352.50 NOTE
r-release-linux-x86_64 0.7-3 10.27 200.53 210.80 OK
r-release-macos-x86_64 0.7-3 NOTE
r-release-windows-ix86+x86_64 0.7-3 25.00 241.00 266.00 OK
r-oldrel-macos-x86_64 0.7-3 NOTE
r-oldrel-windows-ix86+x86_64 0.7-3 16.00 180.00 196.00 OK

Check Details

Version: 0.7-3
Check: dependencies in R code
Result: NOTE
    Namespaces in Imports field not imported from:
     ‘scales’ ‘sp’
     All declared Imports should be used.
Flavors: r-devel-linux-x86_64-fedora-clang, r-devel-linux-x86_64-fedora-gcc, r-patched-solaris-x86, r-release-macos-x86_64, r-oldrel-macos-x86_64