Last updated on 2020-12-31 00:46:39 CET.
Flavor | Version | Tinstall | Tcheck | Ttotal | Status | Flags |
---|---|---|---|---|---|---|
r-devel-linux-x86_64-debian-clang | 1.2.0 | 120.63 | 67.06 | 187.69 | OK | |
r-devel-linux-x86_64-debian-gcc | 1.2.0 | 80.26 | 52.20 | 132.46 | OK | |
r-devel-linux-x86_64-fedora-clang | 1.2.0 | 264.29 | NOTE | |||
r-devel-linux-x86_64-fedora-gcc | 1.2.0 | 241.87 | OK | |||
r-devel-windows-ix86+x86_64 | 1.2.0 | 250.00 | 139.00 | 389.00 | OK | |
r-patched-linux-x86_64 | 1.2.0 | 102.45 | 70.04 | 172.49 | OK | |
r-patched-solaris-x86 | 1.2.0 | 221.50 | OK | |||
r-release-linux-x86_64 | 1.2.0 | 92.58 | 70.30 | 162.88 | OK | |
r-release-macos-x86_64 | 1.2.0 | NOTE | ||||
r-release-windows-ix86+x86_64 | 1.2.0 | 248.00 | 134.00 | 382.00 | OK | |
r-oldrel-macos-x86_64 | 1.2.0 | NOTE | ||||
r-oldrel-windows-ix86+x86_64 | 1.2.0 | 151.00 | 94.00 | 245.00 | OK |
Version: 1.2.0
Check: installed package size
Result: NOTE
installed size is 22.3Mb
sub-directories of 1Mb or more:
libs 21.4Mb
Flavors: r-devel-linux-x86_64-fedora-clang, r-release-macos-x86_64, r-oldrel-macos-x86_64