CRAN Package Check Results for Package cherry

Last updated on 2020-12-31 00:46:39 CET.

Flavor Version Tinstall Tcheck Ttotal Status Flags
r-devel-linux-x86_64-debian-clang 0.6-13 12.07 103.27 115.34 OK
r-devel-linux-x86_64-debian-gcc 0.6-13 9.30 79.23 88.53 OK
r-devel-linux-x86_64-fedora-clang 0.6-13 143.82 OK
r-devel-linux-x86_64-fedora-gcc 0.6-13 136.71 OK
r-devel-windows-ix86+x86_64 0.6-13 25.00 129.00 154.00 OK
r-patched-linux-x86_64 0.6-13 11.68 96.88 108.56 OK
r-patched-solaris-x86 0.6-13 190.10 OK
r-release-linux-x86_64 0.6-13 8.62 97.12 105.74 OK
r-release-macos-x86_64 0.6-13 OK
r-release-windows-ix86+x86_64 0.6-13 24.00 95.00 119.00 OK
r-oldrel-macos-x86_64 0.6-13 NOTE
r-oldrel-windows-ix86+x86_64 0.6-13 13.00 90.00 103.00 OK

Check Details

Version: 0.6-13
Check: package dependencies
Result: NOTE
    Package suggested but not available for checking: ‘multtest’
Flavor: r-oldrel-macos-x86_64