Last updated on 2020-12-31 00:46:39 CET.
Flavor | Version | Tinstall | Tcheck | Ttotal | Status | Flags |
---|---|---|---|---|---|---|
r-devel-linux-x86_64-debian-clang | 1.6.0 | 13.79 | 73.98 | 87.77 | OK | |
r-devel-linux-x86_64-debian-gcc | 1.6.0 | 9.30 | 56.70 | 66.00 | OK | |
r-devel-linux-x86_64-fedora-clang | 1.6.0 | 116.22 | OK | |||
r-devel-linux-x86_64-fedora-gcc | 1.6.0 | 106.86 | OK | |||
r-devel-windows-ix86+x86_64 | 1.6.0 | 24.00 | 102.00 | 126.00 | OK | |
r-patched-linux-x86_64 | 1.6.0 | 10.61 | 69.84 | 80.45 | OK | |
r-patched-solaris-x86 | 1.6.0 | 132.60 | OK | |||
r-release-linux-x86_64 | 1.6.0 | 9.95 | 70.38 | 80.33 | OK | |
r-release-macos-x86_64 | 1.6.0 | NOTE | ||||
r-release-windows-ix86+x86_64 | 1.6.0 | 20.00 | 83.00 | 103.00 | OK | |
r-oldrel-macos-x86_64 | 1.6.0 | NOTE | ||||
r-oldrel-windows-ix86+x86_64 | 1.6.0 | 19.00 | 121.00 | 140.00 | OK |
Version: 1.6.0
Check: package dependencies
Result: NOTE
Package suggested but not available for checking: ‘GLAD’
Flavors: r-release-macos-x86_64, r-oldrel-macos-x86_64
Version: 1.6.0
Check: dependencies in R code
Result: NOTE
No protocol specified
No protocol specified
No protocol specified
No protocol specified
Flavor: r-oldrel-macos-x86_64