CRAN Package Check Results for Package catsim

Last updated on 2020-12-31 00:46:38 CET.

Flavor Version Tinstall Tcheck Ttotal Status Flags
r-devel-linux-x86_64-debian-clang 0.2.3 51.66 176.54 228.20 OK
r-devel-linux-x86_64-debian-gcc 0.2.3 39.56 125.71 165.27 OK
r-devel-linux-x86_64-fedora-clang 0.2.3 285.83 NOTE
r-devel-linux-x86_64-fedora-gcc 0.2.3 295.19 OK
r-devel-windows-ix86+x86_64 0.2.3 114.00 286.00 400.00 OK
r-patched-linux-x86_64 0.2.3 44.78 168.66 213.44 OK
r-patched-solaris-x86 0.2.3 337.10 OK
r-release-linux-x86_64 0.2.3 45.66 170.81 216.47 OK
r-release-macos-x86_64 0.2.3 NOTE
r-release-windows-ix86+x86_64 0.2.3 117.00 264.00 381.00 OK
r-oldrel-macos-x86_64 0.2.3 NOTE
r-oldrel-windows-ix86+x86_64 0.2.3 80.00 186.00 266.00 OK

Check Details

Version: 0.2.3
Check: installed package size
Result: NOTE
     installed size is 6.8Mb
     sub-directories of 1Mb or more:
     libs 6.5Mb
Flavors: r-devel-linux-x86_64-fedora-clang, r-release-macos-x86_64, r-oldrel-macos-x86_64