CRAN Package Check Results for Package catSurv

Last updated on 2020-12-31 00:46:38 CET.

Flavor Version Tinstall Tcheck Ttotal Status Flags
r-devel-linux-x86_64-debian-clang 1.3.0 225.31 136.15 361.46 NOTE
r-devel-linux-x86_64-debian-gcc 1.3.0 137.13 100.80 237.93 NOTE
r-devel-linux-x86_64-fedora-clang 1.3.0 498.08 NOTE
r-devel-linux-x86_64-fedora-gcc 1.3.0 424.06 NOTE
r-devel-windows-ix86+x86_64 1.3.0 503.00 247.00 750.00 NOTE
r-patched-linux-x86_64 1.3.0 167.39 126.15 293.54 NOTE
r-patched-solaris-x86 1.3.0 447.50 NOTE
r-release-linux-x86_64 1.3.0 167.23 126.41 293.64 NOTE
r-release-macos-x86_64 1.3.0 NOTE
r-release-windows-ix86+x86_64 1.3.0 510.00 253.00 763.00 NOTE
r-oldrel-macos-x86_64 1.3.0 NOTE
r-oldrel-windows-ix86+x86_64 1.3.0 318.00 177.00 495.00 NOTE

Check Details

Version: 1.3.0
Check: for GNU extensions in Makefiles
Result: NOTE
    GNU make is a SystemRequirements.
Flavors: r-devel-linux-x86_64-debian-clang, r-devel-linux-x86_64-debian-gcc, r-devel-linux-x86_64-fedora-clang, r-devel-linux-x86_64-fedora-gcc, r-devel-windows-ix86+x86_64, r-patched-linux-x86_64, r-patched-solaris-x86, r-release-linux-x86_64, r-release-macos-x86_64, r-release-windows-ix86+x86_64, r-oldrel-macos-x86_64, r-oldrel-windows-ix86+x86_64

Version: 1.3.0
Check: installed package size
Result: NOTE
     installed size is 7.7Mb
     sub-directories of 1Mb or more:
     libs 6.8Mb
Flavors: r-devel-linux-x86_64-fedora-clang, r-release-macos-x86_64, r-oldrel-macos-x86_64