CRAN Package Check Results for Package carat

Last updated on 2020-12-31 00:46:38 CET.

Flavor Version Tinstall Tcheck Ttotal Status Flags
r-devel-linux-x86_64-debian-clang 1.4 85.88 69.55 155.43 OK
r-devel-linux-x86_64-debian-gcc 1.4 63.76 52.07 115.83 OK
r-devel-linux-x86_64-fedora-clang 1.4 212.49 NOTE
r-devel-linux-x86_64-fedora-gcc 1.4 194.11 OK
r-devel-windows-ix86+x86_64 1.4 174.00 130.00 304.00 OK
r-patched-linux-x86_64 1.4 69.49 64.25 133.74 OK
r-patched-solaris-x86 1.4 202.60 OK
r-release-linux-x86_64 1.4 67.42 64.70 132.12 OK
r-release-macos-x86_64 1.4 NOTE
r-release-windows-ix86+x86_64 1.4 178.00 134.00 312.00 OK
r-oldrel-macos-x86_64 1.4 NOTE
r-oldrel-windows-ix86+x86_64 1.4 110.00 90.00 200.00 OK

Check Details

Version: 1.4
Check: installed package size
Result: NOTE
     installed size is 10.1Mb
     sub-directories of 1Mb or more:
     libs 9.7Mb
Flavors: r-devel-linux-x86_64-fedora-clang, r-release-macos-x86_64, r-oldrel-macos-x86_64