CRAN Package Check Results for Package bvarsv

Last updated on 2020-12-31 00:46:38 CET.

Flavor Version Tinstall Tcheck Ttotal Status Flags
r-devel-linux-x86_64-debian-clang 1.1 41.16 31.54 72.70 OK
r-devel-linux-x86_64-debian-gcc 1.1 28.15 24.42 52.57 OK
r-devel-linux-x86_64-fedora-clang 1.1 107.32 NOTE
r-devel-linux-x86_64-fedora-gcc 1.1 91.05 NOTE
r-devel-windows-ix86+x86_64 1.1 93.00 72.00 165.00 OK
r-patched-linux-x86_64 1.1 32.01 30.06 62.07 OK
r-patched-solaris-x86 1.1 97.20 OK
r-release-linux-x86_64 1.1 34.51 30.21 64.72 OK
r-release-macos-x86_64 1.1 OK
r-release-windows-ix86+x86_64 1.1 93.00 71.00 164.00 OK
r-oldrel-macos-x86_64 1.1 OK
r-oldrel-windows-ix86+x86_64 1.1 62.00 52.00 114.00 OK

Check Details

Version: 1.1
Check: compiled code
Result: NOTE
    File ‘bvarsv/libs/bvarsv.so’:
     Found no calls to: ‘R_registerRoutines’, ‘R_useDynamicSymbols’
    
    It is good practice to register native routines and to disable symbol
    search.
    
    See ‘Writing portable packages’ in the ‘Writing R Extensions’ manual.
Flavors: r-devel-linux-x86_64-fedora-clang, r-devel-linux-x86_64-fedora-gcc