Last updated on 2020-12-31 00:46:38 CET.
Flavor | Version | Tinstall | Tcheck | Ttotal | Status | Flags |
---|---|---|---|---|---|---|
r-devel-linux-x86_64-debian-clang | 1.0.0 | 1006.75 | 190.09 | 1196.84 | NOTE | |
r-devel-linux-x86_64-debian-gcc | 1.0.0 | 840.29 | 173.91 | 1014.20 | NOTE | |
r-devel-linux-x86_64-fedora-clang | 1.0.0 | 1616.41 | NOTE | |||
r-devel-linux-x86_64-fedora-gcc | 1.0.0 | 1728.91 | NOTE | |||
r-devel-windows-ix86+x86_64 | 1.0.0 | 2079.00 | 420.00 | 2499.00 | NOTE | |
r-patched-linux-x86_64 | 1.0.0 | 719.27 | 222.33 | 941.60 | NOTE | |
r-patched-solaris-x86 | 1.0.0 | 1534.80 | NOTE | |||
r-release-linux-x86_64 | 1.0.0 | 721.65 | 224.50 | 946.15 | NOTE | |
r-release-macos-x86_64 | 1.0.0 | NOTE | ||||
r-release-windows-ix86+x86_64 | 1.0.0 | 1385.00 | 8.00 | 1393.00 | ERROR | |
r-oldrel-macos-x86_64 | 1.0.0 | NOTE | ||||
r-oldrel-windows-ix86+x86_64 | 1.0.0 | 1400.00 | 274.00 | 1674.00 | NOTE |
Version: 1.0.0
Check: for GNU extensions in Makefiles
Result: NOTE
GNU make is a SystemRequirements.
Flavors: r-devel-linux-x86_64-debian-clang, r-devel-linux-x86_64-debian-gcc, r-devel-linux-x86_64-fedora-clang, r-devel-linux-x86_64-fedora-gcc, r-devel-windows-ix86+x86_64, r-patched-linux-x86_64, r-patched-solaris-x86, r-release-linux-x86_64, r-release-macos-x86_64, r-oldrel-macos-x86_64, r-oldrel-windows-ix86+x86_64
Version: 1.0.0
Check: package dependencies
Result: NOTE
Suggests orphaned package: ‘plotly’
Flavor: r-devel-linux-x86_64-fedora-clang
Version: 1.0.0
Check: installed package size
Result: NOTE
installed size is 149.5Mb
sub-directories of 1Mb or more:
doc 7.7Mb
libs 141.1Mb
Flavors: r-devel-linux-x86_64-fedora-clang, r-devel-windows-ix86+x86_64, r-patched-solaris-x86, r-release-macos-x86_64, r-oldrel-macos-x86_64, r-oldrel-windows-ix86+x86_64
Version: 1.0.0
Check: dependencies in R code
Result: NOTE
Namespace in Imports field not imported from: ‘rstantools’
All declared Imports should be used.
Flavors: r-devel-linux-x86_64-fedora-clang, r-devel-linux-x86_64-fedora-gcc, r-patched-solaris-x86, r-release-macos-x86_64, r-oldrel-macos-x86_64
Version: 1.0.0
Check: whether package can be installed
Result: ERROR
Installation failed.
Flavor: r-release-windows-ix86+x86_64