Last updated on 2020-12-31 00:46:38 CET.
Flavor | Version | Tinstall | Tcheck | Ttotal | Status | Flags |
---|---|---|---|---|---|---|
r-devel-linux-x86_64-debian-clang | 0.2.1 | 16.42 | 81.64 | 98.06 | OK | |
r-devel-linux-x86_64-debian-gcc | 0.2.1 | 11.72 | 60.10 | 71.82 | OK | |
r-devel-linux-x86_64-fedora-clang | 0.2.1 | 123.57 | OK | |||
r-devel-linux-x86_64-fedora-gcc | 0.2.1 | 113.72 | OK | |||
r-devel-windows-ix86+x86_64 | 0.2.1 | 28.00 | 107.00 | 135.00 | OK | |
r-patched-linux-x86_64 | 0.2.1 | 14.54 | 74.10 | 88.64 | OK | |
r-patched-solaris-x86 | 0.2.1 | 150.00 | OK | |||
r-release-linux-x86_64 | 0.2.1 | 12.83 | 73.81 | 86.64 | OK | |
r-release-macos-x86_64 | 0.2.1 | OK | ||||
r-release-windows-ix86+x86_64 | 0.2.1 | 27.00 | 79.00 | 106.00 | OK | |
r-oldrel-macos-x86_64 | 0.2.1 | NOTE | ||||
r-oldrel-windows-ix86+x86_64 | 0.2.1 | 18.00 | 71.00 | 89.00 | OK |
Version: 0.2.1
Check: dependencies in R code
Result: NOTE
No protocol specified
No protocol specified
Flavor: r-oldrel-macos-x86_64