CRAN Package Check Results for Package breathteststan

Last updated on 2020-12-31 00:46:38 CET.

Flavor Version Tinstall Tcheck Ttotal Status Flags
r-devel-linux-x86_64-debian-clang 0.8.0 139.69 120.17 259.86 NOTE
r-devel-linux-x86_64-debian-gcc 0.8.0 111.06 94.19 205.25 NOTE
r-devel-linux-x86_64-fedora-clang 0.8.0 346.45 NOTE
r-devel-linux-x86_64-fedora-gcc 0.8.0 348.97 NOTE
r-devel-windows-ix86+x86_64 0.8.0 299.00 291.00 590.00 NOTE
r-patched-linux-x86_64 0.8.0 106.04 121.50 227.54 NOTE
r-patched-solaris-x86 0.8.0 382.20 NOTE
r-release-linux-x86_64 0.8.0 95.20 120.51 215.71 NOTE
r-release-macos-x86_64 0.8.0 NOTE
r-release-windows-ix86+x86_64 0.8.0 301.00 298.00 599.00 NOTE
r-oldrel-macos-x86_64 0.8.0 ERROR

Check Details

Version: 0.8.0
Check: for GNU extensions in Makefiles
Result: NOTE
    GNU make is a SystemRequirements.
Flavors: r-devel-linux-x86_64-debian-clang, r-devel-linux-x86_64-debian-gcc, r-devel-linux-x86_64-fedora-clang, r-devel-linux-x86_64-fedora-gcc, r-devel-windows-ix86+x86_64, r-patched-linux-x86_64, r-patched-solaris-x86, r-release-linux-x86_64, r-release-macos-x86_64, r-release-windows-ix86+x86_64

Version: 0.8.0
Check: installed package size
Result: NOTE
     installed size is 33.1Mb
     sub-directories of 1Mb or more:
     libs 32.9Mb
Flavors: r-devel-linux-x86_64-fedora-clang, r-release-macos-x86_64

Version: 0.8.0
Check: package dependencies
Result: NOTE
    Package suggested but not available for checking: ‘breathtestcore’
Flavor: r-release-macos-x86_64

Version: 0.8.0
Check: whether package can be installed
Result: ERROR
    Installation failed.
Flavor: r-oldrel-macos-x86_64