Last updated on 2020-12-31 00:46:38 CET.
Flavor | Version | Tinstall | Tcheck | Ttotal | Status | Flags |
---|---|---|---|---|---|---|
r-devel-linux-x86_64-debian-clang | 0.8.0 | 14.79 | 160.42 | 175.21 | OK | |
r-devel-linux-x86_64-debian-gcc | 0.8.0 | 10.31 | 117.92 | 128.23 | OK | |
r-devel-linux-x86_64-fedora-clang | 0.8.0 | 211.47 | NOTE | |||
r-devel-linux-x86_64-fedora-gcc | 0.8.0 | 202.65 | NOTE | |||
r-devel-windows-ix86+x86_64 | 0.8.0 | 30.00 | 199.00 | 229.00 | OK | |
r-patched-linux-x86_64 | 0.8.0 | 11.31 | 149.33 | 160.64 | OK | |
r-patched-solaris-x86 | 0.8.0 | 285.30 | OK | |||
r-release-linux-x86_64 | 0.8.0 | 12.33 | 148.57 | 160.90 | OK | |
r-release-macos-x86_64 | 0.8.0 | NOTE | ||||
r-release-windows-ix86+x86_64 | 0.8.0 | 30.00 | 204.00 | 234.00 | OK | |
r-oldrel-macos-x86_64 | 0.8.0 | ERROR |
Version: 0.8.0
Check: package dependencies
Result: NOTE
Package suggested but not available for checking: ‘breathteststan’
Flavors: r-devel-linux-x86_64-fedora-clang, r-devel-linux-x86_64-fedora-gcc, r-release-macos-x86_64
Version: 0.8.0
Check: Rd cross-references
Result: NOTE
Package unavailable to check Rd xrefs: ‘breathteststan’
Flavor: r-release-macos-x86_64
Version: 0.8.0
Check: whether package can be installed
Result: ERROR
Installation failed.
Flavor: r-oldrel-macos-x86_64