Last updated on 2020-12-31 00:46:38 CET.
Flavor | Version | Tinstall | Tcheck | Ttotal | Status | Flags |
---|---|---|---|---|---|---|
r-devel-linux-x86_64-debian-clang | 0.5 | 3.09 | 34.67 | 37.76 | NOTE | |
r-devel-linux-x86_64-debian-gcc | 0.5 | 2.29 | 27.22 | 29.51 | NOTE | |
r-devel-linux-x86_64-fedora-clang | 0.5 | 54.67 | NOTE | |||
r-devel-linux-x86_64-fedora-gcc | 0.5 | 44.94 | NOTE | |||
r-devel-windows-ix86+x86_64 | 0.5 | 6.00 | 51.00 | 57.00 | NOTE | |
r-patched-linux-x86_64 | 0.5 | 3.11 | 33.68 | 36.79 | NOTE | |
r-patched-solaris-x86 | 0.5 | 66.40 | NOTE | |||
r-release-linux-x86_64 | 0.5 | 3.11 | 34.21 | 37.32 | NOTE | |
r-release-macos-x86_64 | 0.5 | NOTE | ||||
r-release-windows-ix86+x86_64 | 0.5 | 6.00 | 40.00 | 46.00 | NOTE | |
r-oldrel-macos-x86_64 | 0.5 | NOTE | ||||
r-oldrel-windows-ix86+x86_64 | 0.5 | 4.00 | 40.00 | 44.00 | NOTE |
Version: 0.5
Check: R code for possible problems
Result: NOTE
bootSVD: no visible global function definition for 'object.size'
bootSVD : <anonymous> : <anonymous>: no visible global function
definition for 'quantile'
bootSVD_LD: no visible global function definition for 'txtProgressBar'
bootSVD_LD: no visible global function definition for
'setTxtProgressBar'
genQ: no visible global function definition for 'rnorm'
getHDpercentiles : <anonymous>: no visible global function definition
for 'quantile'
getMomentsAndMomentCI: no visible binding for global variable 'var'
os: no visible global function definition for 'object.size'
simEEG: no visible global function definition for 'rnorm'
Undefined global functions or variables:
object.size quantile rnorm setTxtProgressBar txtProgressBar var
Consider adding
importFrom("stats", "quantile", "rnorm", "var")
importFrom("utils", "object.size", "setTxtProgressBar",
"txtProgressBar")
to your NAMESPACE file.
Flavors: r-devel-linux-x86_64-debian-clang, r-devel-linux-x86_64-debian-gcc, r-devel-linux-x86_64-fedora-clang, r-devel-linux-x86_64-fedora-gcc, r-devel-windows-ix86+x86_64, r-patched-linux-x86_64, r-patched-solaris-x86, r-release-linux-x86_64, r-release-macos-x86_64, r-release-windows-ix86+x86_64, r-oldrel-macos-x86_64, r-oldrel-windows-ix86+x86_64