Last updated on 2020-12-31 00:46:38 CET.
Flavor | Version | Tinstall | Tcheck | Ttotal | Status | Flags |
---|---|---|---|---|---|---|
r-devel-linux-x86_64-debian-clang | 0.1.1 | 128.36 | 43.30 | 171.66 | OK | |
r-devel-linux-x86_64-debian-gcc | 0.1.1 | 82.26 | 33.59 | 115.85 | OK | |
r-devel-linux-x86_64-fedora-clang | 0.1.1 | 250.14 | NOTE | |||
r-devel-linux-x86_64-fedora-gcc | 0.1.1 | 219.33 | OK | |||
r-devel-windows-ix86+x86_64 | 0.1.1 | 290.00 | 84.00 | 374.00 | OK | |
r-patched-linux-x86_64 | 0.1.1 | 103.83 | 40.84 | 144.67 | OK | |
r-patched-solaris-x86 | 0.1.1 | 191.50 | OK | |||
r-release-linux-x86_64 | 0.1.1 | 96.12 | 41.13 | 137.25 | OK | |
r-release-macos-x86_64 | 0.1.1 | OK | ||||
r-release-windows-ix86+x86_64 | 0.1.1 | 291.00 | 85.00 | 376.00 | OK | |
r-oldrel-macos-x86_64 | 0.1.1 | OK | ||||
r-oldrel-windows-ix86+x86_64 | 0.1.1 | 192.00 | 58.00 | 250.00 | OK |
Version: 0.1.1
Check: installed package size
Result: NOTE
installed size is 5.2Mb
sub-directories of 1Mb or more:
libs 4.7Mb
Flavor: r-devel-linux-x86_64-fedora-clang