CRAN Package Check Results for Package bigtime

Last updated on 2020-12-31 00:46:38 CET.

Flavor Version Tinstall Tcheck Ttotal Status Flags
r-devel-linux-x86_64-debian-clang 0.1.0 40.57 57.87 98.44 OK
r-devel-linux-x86_64-debian-gcc 0.1.0 27.15 43.04 70.19 OK
r-devel-linux-x86_64-fedora-clang 0.1.0 133.86 NOTE
r-devel-linux-x86_64-fedora-gcc 0.1.0 122.04 NOTE
r-devel-windows-ix86+x86_64 0.1.0 92.00 120.00 212.00 OK
r-patched-linux-x86_64 0.1.0 34.89 54.43 89.32 OK
r-patched-solaris-x86 0.1.0 134.80 NOTE
r-release-linux-x86_64 0.1.0 31.09 54.51 85.60 OK
r-release-macos-x86_64 0.1.0 NOTE
r-release-windows-ix86+x86_64 0.1.0 90.00 125.00 215.00 OK
r-oldrel-macos-x86_64 0.1.0 NOTE
r-oldrel-windows-ix86+x86_64 0.1.0 58.00 93.00 151.00 OK

Check Details

Version: 0.1.0
Check: dependencies in R code
Result: NOTE
    Namespaces in Imports field not imported from:
     ‘MASS’ ‘lattice’ ‘zoo’
     All declared Imports should be used.
Flavors: r-devel-linux-x86_64-fedora-clang, r-devel-linux-x86_64-fedora-gcc, r-patched-solaris-x86, r-release-macos-x86_64, r-oldrel-macos-x86_64